3 + 8*f**2 + f - 7. What is the units digit of l(p)?
1
What is the units digit of (-5)/((-60)/1014) + 1/(-2)?
4
Let t(d) = d**3 + d**2 - d - 6. Let r be t(0). What is the units digit of 2/(-5)*(1 + r)?
2
Let y be 1*(2 + -20) - -2. Let v = -31 - y. Let l = v - -25. What is the tens digit of l?
1
Let t(n) = -n**3 - 17*n**2 - 14*n + 15. What is the tens digit of t(-17)?
5
Let a = -16 + 28. Suppose -s + 4 = 3*k, -3*k + s + a = -2*s. Suppose 3*l - z - 25 = 0, 2*l + k*z = 6*z. What is the tens digit of l?
1
Let o = 14 - 5. What is the units digit of o?
9
Let x(v) = 4*v**2 - 3*v - 2. Let r(f) = -f**2 - f - 1. Let t(a) = 5*r(a) + x(a). Let m = -3 + -3. What is the units digit of t(m)?
5
Let y = -231 + 417. What is the tens digit of y?
8
Suppose -5*r = 2*k + 18, 0 = r + 3 + 1. Let j = 3 + k. Suppose -19 = -j*o - 3*w, 3*o - 30 = 2*w + w. What is the units digit of o?
7
Suppose -m - 2*l = -325, 0 = -5*m - 4*l + 2053 - 428. What is the hundreds digit of m?
3
What is the units digit of (-10)/30 + 196/3?
5
Suppose 7*s - 3*p - 192 = 2*s, 0 = -4*s + 2*p + 152. What is the tens digit of s?
3
Suppose 5*d - 1 = -11. What is the tens digit of 28 + d + (-4)/2?
2
Let q(g) = g**3 - 9*g**2 - g + 13. Let b be q(9). Suppose 4*s - 2*a - 14 = 0, b*s + 0*s - a - 17 = 0. Suppose 2 = s*t - 3. What is the units digit of t?
1
Let v be 5/20 - (-30)/8. Let n be -2 - (-1)/(1/3). Let p = v - n. What is the units digit of p?
3
Let l(v) = v**2 - 8*v - 2. What is the tens digit of l(12)?
4
Let i(s) = s**2 + 8*s - 2. Let k be i(-6). What is the tens digit of (-4)/6*273/k?
1
What is the hundreds digit of 379 + -3 + 0 - (-6 + 5)?
3
Let h(k) = k**3 - 4*k**2 + 4*k - 1. Let t be h(3). What is the units digit of t*5/(20/6)?
3
What is the tens digit of ((-33)/(-12) + -4)/((-3)/348)?
4
Suppose -3*b + 2*a = 2 - 0, 3*a - 20 = -4*b. What is the units digit of b/2*(13 - -4)?
7
Let s(d) = 2*d**2 - 10*d + 8. Let b be (-18)/(-21)*(9 - 2). What is the units digit of s(b)?
0
Let m(f) = -f**2 - 8*f - 1. Let c be (4 - 1)*14/(-6). What is the units digit of m(c)?
6
Suppose -2*c = 2*c + 3*l - 22, -4*l = -c - 4. Suppose c*g - 8 = 12. What is the units digit of g?
5
Let p(w) be the second derivative of -w**4/12 + w**3/6 + w**2/2 - 2*w. Let z be p(0). What is the units digit of z/1 - (2 - 3)?
2
Suppose 2*l = 5*b - 15, -5*l + 4*b + 1 - 13 = 0. Let r(a) = a**2 + a. Let t be r(l). Suppose -4*i + 8 + 0 = t. What is the units digit of i?
2
Let w be (-80)/(-24) + 2/(-6). Suppose -5*s + w*f = -2*f + 10, 0 = 5*s - 2*f - 2. What is the units digit of s/8 - (-19)/4?
5
Suppose 4*o + 243 = 5*n, 54 + 12 = n + 5*o. What is the units digit of n?
1
Suppose -24 - 131 = -5*t + m, t - 31 = -5*m. Suppose 4*n = 5 - 89. Let c = t + n. What is the units digit of c?
0
Suppose 3*u + u = -3*z + 79, -4*z + 2*u + 120 = 0. What is the tens digit of z?
2
Suppose -30*i + 26*i = -452. What is the tens digit of i?
1
Let h(d) = -d**3 + 7*d**2 - 6*d + 3. Let n be h(6). Suppose n*u + 6 = -v + 7*u, -39 = -5*v - 3*u. What is the units digit of v?
6
What is the hundreds digit of 2/(-12) - (-8790)/36?
2
Suppose 0*k + 13 = 3*q + 2*k, 0 = 3*k - 6. Suppose 27 = q*d - 93. What is the tens digit of d?
4
Let m(l) be the first derivative of l**3/3 - l**2 - l + 2. Let s be m(3). Suppose 3*w + s*w = 5. What is the units digit of w?
1
Suppose 0 = 4*c + y - 337, -c - 3*y + 79 = -8*y. What is the units digit of c?
4
Let c(q) = q**3 + 7*q**2 + 6*q - 3. Let l be c(-6). Let m(r) = 5*r**2 + 3*r - 3. What is the units digit of m(l)?
3
Suppose -19 - 17 = -3*n. Suppose -7*j = -n*j + 100. What is the units digit of j?
0
Suppose 5*y = 145 - 15. What is the units digit of y?
6
Let l(c) be the first derivative of -3*c**2/2 + 2*c - 2. What is the tens digit of l(-4)?
1
What is the tens digit of (-532)/(-16) + (-3)/12?
3
Let h be -2*(-7)/4*-8. Let m = 41 + h. What is the units digit of m?
3
Let z(h) = 10*h - 7. Let j(p) = -3*p + 2. Let q(f) = 7*j(f) + 2*z(f). Let v(t) = -2*t + 12. Let r be v(8). What is the units digit of q(r)?
4
Let f = -22 - -38. Let d = f - 9. What is the units digit of d?
7
Suppose 0 = -2*s + 1 - 11. What is the units digit of ((2 - 1)*s)/(-1)?
5
Let f(n) = 9*n**2 - n - 18. What is the tens digit of f(4)?
2
Let k be 3/(-6)*(7 + 3). Let b = k + 29. What is the units digit of b?
4
Suppose 10*d = 5*d + 20. Suppose u + d*w = -10, 0*w + 16 = 2*u - 4*w. What is the units digit of u?
2
Let o(i) = 16*i + 1. Let v be o(1). Let z be 2/(-11) - 70/(-22). Suppose -p + 2*p + z*j = 13, 2*p = -3*j + v. What is the units digit of p?
4
Suppose 4*l + a - 441 = 0, -4*a = l - 107 - 7. Suppose 5*z - 2*d - l = 47, 0 = 2*z - d - 62. What is the tens digit of z?
3
Let l(t) = -t**3 - 5*t**2 + 6*t + 16. What is the units digit of l(-7)?
2
Suppose -808 = -z - 3*z. What is the tens digit of z?
0
Let t(a) = a**2 + a + 22. What is the tens digit of t(0)?
2
Let g(d) be the first derivative of 2/3*d**3 - 1 + 0*d**2 - 2*d. What is the units digit of g(2)?
6
Let m(j) = j**2 - 5. Let w(r) = -r**2 + r + 1. Let k(o) = -m(o) - 2*w(o). What is the units digit of k(4)?
1
Let m = 2 + 1. Suppose 0 = m*c + 2*c - 30. What is the units digit of c?
6
Suppose 6*t - 90 = t. What is the tens digit of t?
1
Let h(p) = 21*p + 1. What is the units digit of h(1)?
2
Suppose 4*g + 26 = 3*f, -32 = -5*f - 5*g + 6*g. Suppose 0 = -2*l - l - 12. Let c = l + f. What is the units digit of c?
2
Suppose -2*v - 3*v = -4*z + 102, -125 = -5*z + 5*v. What is the units digit of z?
3
Suppose 3*a - 6*z - 36 = -3*z, a = -4*z - 3. Suppose 4*h = a*h - 80. Suppose 0 = 2*g - 3*d - 5 - h, 5*g + 4*d - 64 = 0. What is the tens digit of g?
1
Suppose 5*d = 4*h + 5, -2*h + 3*d = -0 + 3. Let p = 5 + h. Suppose 5*r - 30 = p. What is the units digit of r?
7
Let u = 87 - 124. What is the units digit of (u/2)/(2/(-4))?
7
Suppose 126 = 3*x - g - 2*g, -2*g = x - 48. What is the tens digit of x?
4
Let p(d) = -d**2 - 4*d + 4. Let v be p(-4). Suppose 0 = 5*m - 5*g - 110, -144 + 56 = -v*m + 2*g. What is the tens digit of m?
2
Suppose 0 = -5*v - 5*i, 5*v = 4*i - 19 - 17. What is the tens digit of 56/6 + v/(-6)?
1
Suppose 21 = 5*l + 2*i, 5*l + 2*i = 6*i + 3. Let t(u) = 11*u - 4. What is the tens digit of t(l)?
2
Let d(j) = -j**3 - 5*j**2 + 2*j + 11. What is the units digit of d(-6)?
5
Let d(f) = -2*f + 4. Suppose h + 0 + 3 = 0. Let u be d(h). Suppose -5*x + 3*r = -0*r + u, -3*r = 3*x - 18. What is the units digit of x?
1
Let y(t) = t**3 + 12*t**2 + 14*t - 10. What is the tens digit of y(-10)?
5
Let d be (4/10)/(1/(-5)). Let x = -17 - d. What is the units digit of (-5 + 0)*12/x?
4
What is the units digit of (337/4)/(16/64)?
7
Suppose 4*z + c - 69 = 0, 3*c + 9 + 22 = 2*z. What is the tens digit of z?
1
Let f(j) = j**2 - 9*j - 4. Let d be f(9). What is the units digit of ((-20)/25)/(d/30)?
6
Let h(a) = 2*a - 4. Let y be h(6). Let z = y + -6. Suppose -2*u = -4*g - 34, -z*g - 13 = -u - 4*g. What is the units digit of u?
5
Let x be 480/(-9)*(-6)/5. Let l = x - 39. What is the units digit of l?
5
Let h(g) = -g**2 - g**2 + 13 - 12 + 4*g**3. What is the units digit of h(1)?
3
Suppose 5*o - 9 = 4*k - 34, 2*o + 7 = k. What is the units digit of -1 - -6 - o*3?
8
What is the units digit of (-464)/(-18) + 2/9?
6
Let f = 2 + 1. Suppose -b = f*n, b + 5*n - 5 + 1 = 0. Let y = 11 + b. What is the units digit of y?
5
Let d(t) = 22*t + 38. What is the units digit of d(6)?
0
Let s(z) = -z + 7. Let l = 3 + -3. Suppose p = -l + 6. What is the units digit of s(p)?
1
Let f(x) = 27*x**2 + x + 5. What is the units digit of f(-3)?
5
What is the units digit of (-46661)/(-116) - (-3)/4?
3
Let o(c) = 3*c + 6*c - c**2 + 8 - 4*c. Let m be o(6). Suppose -5*i + 42 = 2*b, -2*b + 0*b = -m. What is the units digit of i?
8
Suppose -2*y = -3*y + 12. Let s = y - 18. What is the tens digit of (-1)/(-3) - 58/s?
1
Let k be (-1 - -1) + 11/1. Let b = -15 + k. What is the units digit of 42/b*4/(-3)?
4
Let y(c) = c**3 + 6*c**2 + 2*c - 4. What is the units digit of y(-5)?
1
Let v = 107 - 152. What is the tens digit of v/2*(-32)/20?
3
Suppose -28 = -4*n - 2*c, 50 = 7*n - 2*n - 5*c. What is the units digit of 102/n - (-7)/28?
3
Let p be (4/6)/(3/9). Suppose p = n - 2. What is the units digit of n?
4
What is the tens digit of 546/(-28)*(-8)/6?
2
Let l = 9 - 6. What is the tens digit of l*4*5